en thousands digit of 117515?
1
What is the tens digit of 15180?
8
What is the units digit of 368?
8
What is the units digit of 645?
5
What is the ten thousands digit of 21309?
2
What is the ten thousands digit of 16099?
1
What is the thousands digit of 1105?
1
What is the hundreds digit of 38548?
5
What is the tens digit of 1542?
4
What is the thousands digit of 1843?
1
What is the hundreds digit of 1391?
3
What is the hundred thousands digit of 117149?
1
What is the tens digit of 1829?
2
What is the units digit of 190?
0
What is the hundreds digit of 703?
7
What is the units digit of 661?
1
What is the thousands digit of 16870?
6
What is the thousands digit of 3175?
3
What is the units digit of 1589?
9
What is the hundreds digit of 7461?
4
What is the hundreds digit of 727?
7
What is the tens digit of 3056?
5
What is the units digit of 62920?
0
What is the units digit of 2229?
9
What is the hundreds digit of 41570?
5
What is the tens digit of 94905?
0
What is the units digit of 626?
6
What is the hundreds digit of 27419?
4
What is the hundreds digit of 361?
3
What is the hundreds digit of 3564?
5
What is the hundreds digit of 3575?
5
What is the thousands digit of 41177?
1
What is the thousands digit of 17971?
7
What is the thousands digit of 5648?
5
What is the hundreds digit of 7958?
9
What is the thousands digit of 13689?
3
What is the tens digit of 11769?
6
What is the thousands digit of 57373?
7
What is the tens digit of 7126?
2
What is the ten thousands digit of 39690?
3
What is the units digit of 126214?
4
What is the ten thousands digit of 109838?
0
What is the units digit of 1821?
1
What is the tens digit of 1182?
8
What is the tens digit of 16589?
8
What is the units digit of 5715?
5
What is the hundreds digit of 91296?
2
What is the ten thousands digit of 16360?
1
What is the hundreds digit of 20979?
9
What is the tens digit of 3515?
1
What is the tens digit of 766?
6
What is the hundreds digit of 23373?
3
What is the units digit of 13459?
9
What is the thousands digit of 1306?
1
What is the ten thousands digit of 101491?
0
What is the ten thousands digit of 71390?
7
What is the tens digit of 209?
0
What is the units digit of 80498?
8
What is the units digit of 11358?
8
What is the ten thousands digit of 31611?
3
What is the tens digit of 40003?
0
What is the units digit of 58119?
9
What is the units digit of 2635?
5
What is the tens digit of 2784?
8
What is the ten thousands digit of 10485?
1
What is the units digit of 24797?
7
What is the ten thousands digit of 75207?
7
What is the hundreds digit of 293?
2
What is the tens digit of 6866?
6
What is the thousands digit of 2713?
2
What is the thousands digit of 1032?
1
What is the units digit of 4553?
3
What is the tens digit of 7622?
2
What is the hundreds digit of 961?
9
What is the units digit of 40790?
0
What is the thousands digit of 1032?
1
What is the units digit of 1425?
5
What is the units digit of 438?
8
What is the units digit of 19411?
1
What is the units digit of 3805?
5
What is the units digit of 314?
4
What is the hundreds digit of 13154?
1
What is the tens digit of 95?
9
What is the ten thousands digit of 11113?
1
What is the thousands digit of 37237?
7
What is the tens digit of 20661?
6
What is the thousands digit of 56418?
6
What is the tens digit of 70751?
5
What is the hundreds digit of 32181?
1
What is the ten thousands digit of 32119?
3
What is the units digit of 6233?
3
What is the units digit of 40104?
4
What is the hundreds digit of 9253?
2
What is the thousands digit of 1321?
1
What is the hundreds digit of 4927?
9
What is the units digit of 21411?
1
What is the hundreds digit of 32425?
4
What is the units digit of 624?
4
What is the thousands digit of 1153?
1
What is the units digit of 719?
9
What is the tens digit of 1073?
7
What is the hundreds digit of 878?
8
What is the thousands digit of 44684?
4
What is the hundreds digit of 1098?
0
What is the tens digit of 1584?
8
What is the tens digit of 37990?
9
What is the tens digit of 313?
1
What is the units digit of 4150?
0
What is the thousands digit of 16931?
6
What is the units digit of 6293?
3
What is the units digit of 636?
6
What is the units digit of 75441?
1
What is the hundreds digit of 6694?
6
What is the thousands digit of 114598?
4
What is the tens digit of 189?
8
What is the tens digit of 78686?
8
What is the units digit of 1455?
5
What is the thousands digit of 8679?
8
What is the units digit of 763?
3
What is the tens digit of 527?
2
What is the units digit of 1214?
4
What is the tens digit of 951?
5
What is the ten thousands digit of 39624?
3
What is the ten thousands digit of 102641?
0
What is the tens digit of 1971?
7
What is the units digit of 1441?
1
What is the thousands digit of 42789?
2
What is the ten thousands digit of 15300?
1
What is the units digit of 2386?
6
What is the units digit of 1463?
3
What is the thousands digit of 14278?
4
What is the hundreds digit of 2047?
0
What is the hundreds digit of 61705?
7
What is the hundreds digit of 2377?
3
What is the thousands digit of 2342?
2
What is the thousands digit of 8179?
8
What is the ten thousands digit of 157085?
5
What is the tens digit of 99543?
4
What is the tens digit of 2740?
4
What is the tens digit of 5517?
1
What is the units digit of 76599?
9
What is the units digit of 4977?
7
What is the tens digit of 44966?
6
What is the tens digit of 327?
2
What is the tens digit of 1004?
0
What is the units digit of 1279?
9
What is the tens digit of 7856?
5
What is the thousands digit of 1858?
1
What is the hundreds digit of 208?
2
What is the tens digit of 128795?
9
What is the hundreds digit of 2412?
4
What is the units digit of 1944?
4
What is the tens digit of 25659?
5
What is the units digit of 18252?
2
What is the ten thousands digit of 29233?
2
What is the units digit of 665?
5
What is the hundreds digit of 145?
1
What is the tens digit of 1097?
9
What is the ten thousands digit of 12946?
1
What is the units digit of 935?
5
What is the units digit of 292?
2
What is the thousands digit of 52724?
2
What is the units digit of 20615?
5
What is the hundreds digit of 1085?
0
What is the tens digit of 1404?
0
What is the hundreds digit of 138214?
2
What is the units digit of 718?
8
What is the units digit of 3534?
4
What is the tens digit of 939?
3
What is the tens digit of 23809?
0
What is the units digit of 1500?
0
What is the hundreds digit of 24705?
7
What is the hundreds digit of 127562?
5
What is the units digit of 691?
1
What is the units digit of 5538?
8
What is the thousands digit of 8708?
8
What is the hundreds digit of 39636?
6
What is the hundreds digit of 1852?
8
What is the ten thousands digit of 104314?
0
What is the ten thousands digit of 29211?
2
What is the units digit of 2147?
7
What is the hundreds digit of 6991?
9
What is the hundred thousands digit of 119922?
1
What is the units digit of 2612?
2
What is the thousands digit of 5159?
5
What is the tens digit of 273?
7
What is the units digit of 1027?
7
What is the hundreds digit of 2341?
3
What is the units digit of 1395?
5
What is the units digit of 938?
8
What is the tens digit of 394?
9
What is the hundreds digit of 186931?
9
What is the hundreds digit of 2618?
6
What is the tens digit of 27682?
8
What is the units digit of 8?
8
What is the units digit of 1976?
6
What is the units digit of 9446?
6
What is the hundreds digit of 12685?
6
What is the units digit of 10607?
7
What is the units digit of 6807?
7
What is the thousands digit of 2225?
2
What is the units digit of 4947?
7
What is the tens digit of 1003?
0
What is the hundreds digit of 3528?
5
What is the thousands digit of 11005?
1
What is the ten thousands digit of 67552?
6
What is the units digit of 7743?
3
What is the hundreds digit of 4832?
8
What is the units digit of 100371?
1
What is the units digit of 136?
6
What is the ten thousands digit of 43193?
4
What is the hundreds digit of 152574?
5
What is the units digit of 777?
7
What is the hundreds digit of 687?
6
What is the thousands digit of 68279?
8
What is the hundred thousands digit of 196912?
1
What is the units digit of 72333?
3
What is the units digit of 1363?
3
What is the thousands digit of 31844?
1
What is the hundreds digit of 1510